0 = -5*v - 2*i, 18*v - 22*v + 2*i + 98 = 0. Let g = -76 - -160. What is the remainder when g is divided by v?
18
Suppose -2*o - p - 13 = 0, 3*p - 2 = -2*o - p. Calculate the remainder when (-92)/(-6) + o/27 is divided by 5/3*(-54)/(-15).
3
Suppose -36 = 2*n + n. Suppose -2*u + 0*c - 3*c = -37, -5*u - 2*c = -76. Let r = u + n. Calculate the remainder when 5 is divided by r.
1
Let f = -122 + 226. Suppose -12*y + f = -8*y. What is the remainder when y is divided by 7?
5
Suppose -2*w + 3*v = 4 + 1, 4*w + 31 = -v. Let i = w - 2. Let q = i - -37. Calculate the remainder when q is divided by 10.
8
Calculate the remainder when ((-24)/(-21))/(12/(-42)) + 904 is divided by 11.
9
Suppose 2 + 3 = a, -5*u - 5*a = 215. Suppose 6*v = -2*v - 648. Let n = u - v. Calculate the remainder when n is divided by 18.
15
Suppose -114*d + 132*d - 396 = 0. Suppose 2*s = -c + 86, 5*s - 7*c - 215 = -3*c. What is the remainder when s is divided by d?
21
Suppose -f = 2*j - 3 - 7, 3*f = 4*j + 40. What is the remainder when 45 is divided by f?
9
Let p be 6/14 - 9/21. Let n(y) = y**3 - y**2 + y + 49. Let j(h) = 4*h**2 + h - 1. Calculate the remainder when n(p) is divided by j(-2).
10
Suppose 48*r + 50 = 73*r. Calculate the remainder when 18 is divided by r.
0
Suppose -2*x + 2 = 3*z, -3*z - 5*x = -x - 4. Suppose 0 = -2*n - z - 2, -2*v + 29 = 5*n. Suppose 2*g + 3*g = 240. Calculate the remainder when g is divided by v.
14
Let o(n) = n**3 - 4*n**2 + 5*n - 4. Let v = -47 - -86. Suppose -15 = 8*c - v. What is the remainder when 2 is divided by o(c)?
0
Let q(h) = 11*h - 3. Let g be q(3). Suppose -3*r - 2*s - g = -5*r, -2*r + 28 = -3*s. Calculate the remainder when 80 is divided by r.
12
Suppose 5*w = 0, -3*i + 16 = -5*w - 149. Calculate the remainder when 212 is divided by i.
47
Suppose 27*i - 492 = 21*i. What is the remainder when i is divided by (-2)/(0 - 4/24)?
10
Let f = 1 + -9. Let p be (-4)/f*4 - 9. Let k = 12 + p. Calculate the remainder when k is divided by 4.
1
Let r = -199 + 213. Calculate the remainder when r is divided by 6.
2
Suppose -2*x + x - 4*o = -7, -5*x = 3*o - 69. Let u(b) = 2*b - 20. Let m be u(x). Calculate the remainder when 32 is divided by 6 + (m/2)/5.
4
Let t = 25 - 20. Suppose -4*o + s + 192 = 0, -19 = -2*o - t*s + 77. What is the remainder when o is divided by 17?
14
Suppose -5*z + 144 = 4*a + 492, -75 = z - a. Let x = z + 147. Calculate the remainder when x is divided by 26.
23
Let i be -1*2/(-2)*-3. Calculate the remainder when 1/(i + 716/238) is divided by 24.
23
Let z(u) = 3*u**2 + 32*u + 54. What is the remainder when z(-15) is divided by 28?
25
Let z(d) = -25*d - 32. Let y be z(6). Calculate the remainder when (-2)/7 - 8242/y is divided by 24.
21
Let o(l) = -2*l**2 - 8*l**2 - 3 - 7*l + l**3 - 2*l + 10. What is the remainder when 57 is divided by o(11)?
28
Suppose -1778 = -3*n - 5*u, 0 = -5*n - 2*u + 3442 - 485. Suppose -4*o + 0*p - p = -474, 0 = 5*o + 2*p - n. What is the remainder when o is divided by 20?
19
Let z(y) = y**3 + y**2 - 2*y + 2. Suppose -16 = -4*a + 4*c, -4*a - 4*c + 0 = -16. Suppose 0 = 2*h + a*h - 156. What is the remainder when h is divided by z(2)?
6
Suppose -1125 - 6699 = -16*n. What is the remainder when n is divided by 7?
6
Let q(y) = -y**3 + 5*y + 4. Let w = 47 - 35. Let v = w + 65. What is the remainder when v is divided by q(-3)?
13
Let p = -25 - -61. Let t = 71 - p. What is the remainder when 173 is divided by t?
33
Suppose 3*f - 51 = -r, 5*r - 283 = -4*f + 16. Calculate the remainder when r is divided by 24.
15
Suppose 18*z - 162 = 9*z. What is the remainder when z is divided by 10?
8
Let b be (-18)/45 - (-122)/5. Let y be (-2)/4 + 60/b. Suppose u - 28 = 4*n - y*n, -4*u = -4*n - 132. What is the remainder when u is divided by 10?
8
Suppose -23*u + 9 = -26*u. Calculate the remainder when u + 37 + -4 + 0 is divided by 10.
0
Let r(u) = 3 + 4*u + 0*u + 4*u**2 - 2. Calculate the remainder when r(-3) is divided by 27/2 - (27/(-6))/9.
11
Let w(c) = c**2 - 23*c + 52. Let f be 21/(((-12)/(-18))/(4/6)). Calculate the remainder when 36 is divided by w(f).
6
Suppose -352 = -4*m - 5*o, 3*o - 77 - 275 = -4*m. What is the remainder when m is divided by 9?
7
Let p(v) = 4*v**2 - 1 - 2*v - 3*v**2 + 6 - 7*v. Let k be -30*(6/4)/(1 + -4). What is the remainder when p(k) is divided by 14?
11
Suppose -74 = -5*d - 3*x, 2*x = -4*d + d + 45. Let a = 15 - d. Suppose 0 = 5*q + w - 34, 7*q - w - 36 = a*q. What is the remainder when 18 is divided by q?
4
Let f(n) = -7*n - 9. Let t be f(-2). Suppose -h = 2 - t. Suppose 252 = h*v + 51. What is the remainder when v is divided by 35?
32
Suppose -5 = -p - 7. Let y(o) = o**2. Let d be y(p). Suppose -d*c + 35 + 9 = 0. Calculate the remainder when 19 is divided by c.
8
Let s be -7*((-12)/30)/(21/15). Calculate the remainder when 53 is divided by (-76)/(-4) - (-1 + s).
17
Suppose q - 36 = -2*q. Calculate the remainder when 2/(-6) + (-742)/(-21) is divided by q.
11
What is the remainder when -16 + 53 + (-32)/(-4) is divided by (-2)/4 - (-66)/4?
13
Let a be (-2)/(-4)*(-2 + 2). Let j(f) = -4*f + 16. Let b(q) = -q - 1. Let x(g) = -5*b(g) + j(g). Calculate the remainder when 61 is divided by x(a).
19
Let d(r) = r**3 + 5*r**2 + 6*r + 2. Let c be d(-3). Suppose -c*p = -14*p + 72. What is the remainder when 15 is divided by p?
3
Suppose 0 = -31*z + 40*z - 207. What is the remainder when z is divided by 13?
10
Let p be ((-2)/(-3))/(4/438). Suppose -4*o + p = -11. Suppose 8*q + 0*q - 48 = 0. What is the remainder when o is divided by q?
3
Let l be ((-1 - 71) + 0)*7/(-14). Let p = l + -7. Calculate the remainder when 86 is divided by p.
28
Suppose 2*q = -r + 25, -4*r + 56 + 34 = -2*q. Calculate the remainder when 60 is divided by r.
14
Let c(l) = l**3 + 17*l**2 - 19*l - 17. What is the remainder when 5 is divided by c(-18)?
0
Let o = 6 + 5. Let f(h) = h + 10. Calculate the remainder when f(o) is divided by 11.
10
Let w be (-2)/(((-6)/(-12))/(-1*1)). Suppose 4*s = -g + 48, -g - g - w*s = -100. What is the remainder when g is divided by -1*2 - -1 - -12?
8
Let i = 16 - 20. Let s be (-14 - i)/(6/(-3)). Suppose -4*x + 202 = -2*t, 0*x - s*x = 5*t - 230. Calculate the remainder when x is divided by 17.
15
What is the remainder when 21 - 3*4/(-12) is divided by (26/(-6))/(-2 - (-35)/21)?
9
Let i = -56 - -87. Let x = 0 - -37. What is the remainder when x is divided by i/3 + (-12)/36?
7
Let f(a) = 3*a - 16. Let q be f(6). Let h be (-1)/1 + 5 + 0. Suppose 0 = q*b - 22 + h. What is the remainder when 25 is divided by b?
7
Calculate the remainder when 341 is divided by (0 + 18/10)/(19/190).
17
Suppose -5*f + 4*c + 825 = 0, -3*f - c = f - 681. Suppose 5*h - 171 = -2*u + f, 0 = 4*h - 3*u - 249. What is the remainder when h is divided by 23?
20
Suppose 2*u - 4*g + 4 = 0, 4*u - 2 = 3*g + 5. Let x(f) = f**3 + 5*f**2 + 3*f + 1. Calculate the remainder when x(-4) is divided by u.
1
Let v = -7 + 22. Let n(a) = -a**2 + 18*a - 39. Calculate the remainder when 6/27 - 259/(-9) is divided by n(v).
5
Let h(a) = 8*a - 25. Calculate the remainder when 271 is divided by h(10).
51
Calculate the remainder when (-13 - 116/(-8))/((-6)/(-500)) is divided by 13.
8
Suppose -s + 27 = 2*s. Let a be 2 - (-2 - (-6 + 3)). Let w = 26 - a. What is the remainder when w is divided by s?
7
Let a(h) = -4*h + 1. Suppose 2*w - 2*s - 11 = w, -5*w - s = -88. What is the remainder when w is divided by a(-2)?
8
Let d(v) = -v**3 - 37*v**2 + v + 63. Calculate the remainder when 179 is divided by d(-37).
23
Let n be 8 + -5 + 0/(-1). Suppose 0 = -5*d + n*d + 20. Suppose 0 = 2*y - 42 + d. What is the remainder when 63 is divided by y?
15
Let f = 513 + -491. Calculate the remainder when 125 is divided by f.
15
Suppose -g + 3*z = 5*z - 95, 2*g + 3*z = 189. Suppose 4*q = q + g. What is the remainder when q is divided by 17?
14
Let m(j) = 3*j + 13. Suppose 7*n - n = 60. What is the remainder when m(n) is divided by 23?
20
Calculate the remainder when 119 is divided by (6 - 11 - -4)*40/(-1).
39
Let r = -11 - -29. Suppose 5*m + 2*t - 23 = -0*m, m + 3*t = 2. Suppose -p - m = -0*p, -3*y + 5 = 2*p. Calculate the remainder when r is divided by y.
3
Suppose -2*g + 4*g - 62 = 0. Let p = 51 - -38. What is the remainder when p is divided by g?
27
Suppose 15 = 3*n - 0*n. Suppose n*m - 81 = 